e
Does 9 divide 10485?
True
Is 26 a factor of 3926?
True
Is 132 a multiple of 11?
True
Does 26 divide 2236?
True
Is 14 a factor of 4509?
False
Is 67 a factor of 16951?
True
Does 2 divide 3387?
False
Is 4 a factor of 192?
True
Does 52 divide 1404?
True
Is 9757 a multiple of 23?
False
Does 15 divide 2670?
True
Does 16 divide 40969?
False
Is 8 a factor of 18721?
False
Is 6 a factor of 2382?
True
Is 11436 a multiple of 72?
False
Does 39 divide 317?
False
Does 10 divide 284?
False
Does 44 divide 2970?
False
Does 144 divide 6768?
True
Is 1395 a multiple of 25?
False
Is 44 a factor of 308?
True
Does 52 divide 936?
True
Is 114 a factor of 14475?
False
Is 21 a factor of 1135?
False
Is 64 a factor of 338?
False
Is 23999 a multiple of 63?
False
Is 52824 a multiple of 142?
True
Is 12 a factor of 3350?
False
Does 22 divide 145007?
False
Is 34 a multiple of 2?
True
Is 80 a factor of 14880?
True
Is 50 a factor of 750?
True
Is 91 a factor of 28756?
True
Is 3354 a multiple of 6?
True
Does 3 divide 103?
False
Does 17 divide 1704?
False
Does 120 divide 15240?
True
Is 63 a factor of 1260?
True
Does 14 divide 266?
True
Is 2160 a multiple of 16?
True
Is 24 a factor of 2088?
True
Is 192 a factor of 30847?
False
Is 26 a factor of 647?
False
Is 1337 a multiple of 10?
False
Is 851 a multiple of 23?
True
Is 25 a factor of 2500?
True
Is 10 a factor of 250?
True
Does 7 divide 679?
True
Is 1801 a multiple of 109?
False
Is 71740 a multiple of 17?
True
Is 96 a factor of 27648?
True
Is 19 a factor of 75?
False
Is 9598 a multiple of 6?
False
Does 10 divide 4715?
False
Does 119 divide 5782?
False
Is 35073 a multiple of 81?
True
Is 125 a factor of 8579?
False
Is 13 a factor of 23?
False
Is 221 a multiple of 10?
False
Is 36 a factor of 15047?
False
Is 14 a factor of 6720?
True
Is 20 a factor of 680?
True
Is 2 a factor of 7?
False
Is 10 a factor of 8389?
False
Does 17 divide 1755?
False
Is 13624 a multiple of 26?
True
Is 390 a multiple of 26?
True
Is 400 a multiple of 80?
True
Is 133 a multiple of 19?
True
Does 67 divide 12261?
True
Is 8 a multiple of 8?
True
Is 46 a factor of 4149?
False
Is 35 a factor of 11006?
False
Is 8937 a multiple of 62?
False
Is 12 a factor of 28584?
True
Is 15 a factor of 1245?
True
Is 9 a factor of 5733?
True
Does 12 divide 5326?
False
Is 21 a factor of 42?
True
Does 54 divide 5022?
True
Does 16 divide 1984?
True
Does 7 divide 20?
False
Is 8 a factor of 1032?
True
Does 8 divide 2400?
True
Does 75 divide 5634?
False
Does 73 divide 1898?
True
Is 55 a factor of 24695?
True
Is 750 a multiple of 29?
False
Is 2806 a multiple of 11?
False
Does 4 divide 256?
True
Is 15 a factor of 24390?
True
Does 12 divide 4368?
True
Is 26 a factor of 632?
False
Is 109440 a multiple of 19?
True
Is 78 a factor of 47540?
False
Is 10 a factor of 587?
False
Is 2436 a multiple of 58?
True
Is 24 a factor of 51540?
False
Is 25636 a multiple of 13?
True
Is 31311 a multiple of 12?
False
Does 53 divide 4051?
False
Does 19 divide 16081?
False
Is 338 a multiple of 13?
True
Is 1008 a multiple of 12?
True
Does 31 divide 12551?
False
Is 25759 a multiple of 195?
False
Does 81 divide 2430?
True
Does 19 divide 7744?
False
Is 1404 a multiple of 36?
True
Is 9 a factor of 1096?
False
Is 17500 a multiple of 250?
True
Is 6 a factor of 1128?
True
Is 125 a factor of 5750?
True
Is 11 a factor of 38808?
True
Is 2051 a multiple of 18?
False
Does 40 divide 1120?
True
Is 29600 a multiple of 80?
True
Is 2120 a multiple of 4?
True
Is 10 a factor of 5690?
True
Is 115 a factor of 63550?
False
Is 23 a factor of 147?
False
Is 82 a factor of 34488?
False
Does 65 divide 2470?
True
Is 5697 a multiple of 27?
True
Does 7 divide 13332?
False
Is 4692 a multiple of 12?
True
Is 67 a factor of 1054?
False
Does 12 divide 6921?
False
Is 2232 a multiple of 18?
True
Does 56 divide 1943?
False
Is 60914 a multiple of 37?
False
Is 15692 a multiple of 43?
False
Does 33 divide 8877?
True
Is 6594 a multiple of 21?
True
Does 19 divide 20255?
False
Is 74 a factor of 1667?
False
Is 12 a factor of 576?
True
Does 43 divide 4214?
True
Is 8 a factor of 250?
False
Is 10 a factor of 568?
False
Does 65 divide 528?
False
Does 29 divide 2813?
True
Does 161 divide 17710?
True
Is 6244 a multiple of 32?
False
Is 72 a factor of 10224?
True
Is 19998 a multiple of 36?
False
Is 22 a factor of 6952?
True
Is 1466 a multiple of 4?
False
Is 31 a multiple of 5?
False
Does 27 divide 22059?
True
Does 13 divide 390?
True
Is 355 a multiple of 5?
True
Does 40 divide 6283?
False
Does 7 divide 28281?
False
Is 14 a factor of 822?
False
Does 39 divide 1627?
False
Does 41 divide 861?
True
Is 1150 a multiple of 23?
True
Is 4909 a multiple of 35?
False
Is 924 a multiple of 33?
True
Is 7 a factor of 11627?
True
Is 3886 a multiple of 17?
False
Does 36 divide 2376?
True
Is 42 a factor of 1092?
True
Does 21 divide 19446?
True
Does 8 divide 554?
False
Does 4 divide 43870?
False
Is 95186 a multiple of 14?
True
Is 1034 a multiple of 56?
False
Does 12 divide 47724?
True
Is 937 a multiple of 46?
False
Does 10 divide 5190?
True
Does 11 divide 1232?
True
Does 24 divide 47709?
False
Does 81 divide 2835?
True
Is 705 a multiple of 57?
False
Is 10 a factor of 124?
False
Does 11 divide 1600?
False
Does 11 divide 1681?
False
Does 23 divide 2603?
False
Does 12 divide 6590?
False
Is 1322 a multiple of 11?
False
Does 23 divide 5792?
False
Is 9 a factor of 305?
False
Is 9055 a multiple of 33?
False
Does 46 divide 96?
False
Does 11 divide 528?
True
Is 1192 a multiple of 18?
False
Is 4 a factor of 2760?
True
Is 40 a factor of 2440?
True
Is 17 a factor of 19533?
True
Is 3601 a multiple of 13?
True
Is 52024 a multiple of 28?
True
Does 53 divide 1299?
False
Does 7 divide 243?
False
Is 38 a factor of 48146?
True
Is 3 a factor of 1115?
False
Does 59 divide 33984?
True
Is 2 a factor of 106?
True
Is 18 a factor of 1962?
True
Is 5841 a multiple of 3?
True
Is 174 a factor of 1044?
True
Is 5 a factor of 3980?
True
Does 4 divide 112?
True
Is 1563 a multiple of 19?
False
Is 672 a multiple of 12?
True
Is 33800 a multiple of 4?
True
Is 84 a factor of 410?
False
Does 5 divide 1045?
True
Does 5 divide 16?
False
Is 93 a multiple of 11?
False
Does 16 divide 10404?
False
Does 3 divide 8106?
True
Is 307 a multiple of 25?
False
Is 12 a factor of 113?
False
Is 6 a factor of 348?
True
Is 81 a multiple of 9?
True
Is 120 a factor of 3960?
True
Is 20 a factor of 1026?
False
Is 43884 a multiple of 207?
True
Is 179740 a multiple of 418?
True
Is 60 a factor of 1084?
False
Does 15 divide 285?
True
Is 125 a multiple of 59?
False
Does 16 divide 1144?
False
Is 45 a multiple of 11?
False
Does 85 divide 85?
True
Is 48 a factor of 2079?
False
Is 63918 a multiple of 53?
True
Does 3 divide 60?
True
Does 90 divide 1800?
True
Is 17733 a multiple of 16?
False
Is 29 a factor of 290?
True
Is 8 a factor of 1312?
True
Is 720 a multiple of 20?
True
Is 5809 a multiple of 14?
False
Is 12 a factor of 4364?
False
Does 24 divide 3144?
True
Does 16 divide 154048?
True
Is 7 a factor of 1885?
False
Is 2 a factor of 168?
True
Is 590 even?
True
Is 147 a factor of 8379?
True
Does 15 divide 540?
True
Is 62 a factor of 806?
True
Is 33196 a multiple of 96?
False
Does 38 divide 3040?
True
Does 140 divide 19142?
False
Is 405 a multiple of 9?
True
Does 109 divide 28558?
True
Is 220 a multiple of 110?
True
Is 539 a multiple of 30?
False
Is 821 a multiple of 68?
False
Is 61 a factor of 1159?
True
Does 19 divide 361?
True
Does 8 divide 1496?
True
Is 27826 a multiple of 8?
False
Is 59148 a multiple of 159?
True
Does 8 divide 640?
True
Is 39015 a multiple of 135?
True
Is 4564 a multiple of 17?
False
Does 2 divide 545?
False
Is 19 a factor of 10041?
False
Is 48 a multiple of 6?
True
Is 9 a factor of 1872?
True
Does 14 divide 475?
False
Does 68 divide 21513?
False
Is 17 a factor of 993?
False
Is 120 a factor of 368?
False
Is 8403 a multiple of 24?
False
Is 5 a factor of 22366?
False
Does 27 divide 8777?
False
Does 10 divide 590?
True
Is 14568 a multiple of 182?
False
Is 10 a factor of 900?
True
Is 25222 a multiple of 143?
False
Is 429 a multiple of 10?
False
Is 15 a factor of 60?
True
Does 98 divide 81230?
False
Is 94 a factor of 6632?
False
Is 3 a factor of 664?
False
Is 47 a factor of 11092?
True
Does 3 divide 45?
True
Is 10784 a multiple of 46?
False
